ommon factor of g and 13.
13
Let q be (18 - 17)*(-49)/(-1). Let v be 0 + q + (-12 - -15). What is the highest common factor of v and 13?
13
Let p(z) = 24*z**3 - 10*z**3 + 8 - 5*z**2 - 3*z + 4*z**2 + 0. Let a be p(2). Calculate the greatest common divisor of 11 and a.
11
Suppose -k - q = -36, -21 = -3*k - 5*q + 81. Calculate the greatest common factor of 1209 and k.
39
Let h = -91 + 727. Calculate the greatest common factor of 6 and h.
6
Suppose n + 4*q - 32 = 0, 5*n - 57 = q + 61. Suppose -142*s = 204*s - 16608. Calculate the greatest common divisor of s and n.
24
Let f(r) = r + 120. Let y be f(0). Let x(k) = -k**3 + 17*k**2 + 16*k - 257. Let c be x(17). Calculate the greatest common factor of c and y.
15
Suppose -112 = 178*y - 182*y. Calculate the highest common factor of y and 154.
14
Let p = -36 - -42. Let d be (9/p)/(3/28). What is the highest common divisor of 154 and d?
14
Suppose -4*a - 475 = -3*i - 5*a, -625 = -4*i - 3*a. Let d = -92 + i. What is the highest common divisor of 17 and d?
17
Let a(l) = l**2 + 5*l - 3. Let d be a(-6). Suppose 2*v - 1 = d. Let z = 0 + v. What is the highest common divisor of 2 and z?
2
Let c = -215 + 323. What is the highest common divisor of 4 and c?
4
Let g be (-4)/(-10) - (-7450)/125. Calculate the highest common divisor of g and 12.
12
Suppose -3*p - 3 = 4*o - 53, -5*o + 76 = -3*p. Let z be 31 + -2 + (-1)/1. What is the highest common divisor of z and o?
14
Let l be ((-1020)/75)/((-6)/45*3). Calculate the greatest common factor of 17 and l.
17
Suppose 3*s = 5*d + 304, -s - 5*d + 116 = -3*d. What is the highest common factor of s and 12?
12
Let r be (-3)/(-1)*(-4)/(-6). Suppose 3*n = r*n + 54. Let d(c) = c**3 + c**2 + 18. Let u be d(0). What is the highest common divisor of u and n?
18
Let q be (-7)/28 + 325/4. Calculate the greatest common factor of q and 36.
9
Let g(a) = 4*a + 119. Let h be g(14). Calculate the highest common factor of h and 70.
35
Suppose 5*n - 61 = -2*w, 2 = -2*w - 2*n + 60. Calculate the greatest common divisor of 4 and w.
4
Suppose 40 = 4*m + m. Let p(f) = -4*f - 48. Let v be p(-14). What is the greatest common factor of v and m?
8
Let j(k) = -k**3 + 17*k**2 + 40*k - 8. Let l be j(19). What is the highest common divisor of l and 510?
30
Let t(s) = s**2 - 8*s + 11. Let z be t(9). Let l be 8/6*3/2. Suppose 0 = j - 2 - l. What is the highest common factor of j and z?
4
Suppose 5*o = -4*c + 65, 3*c + 14 = -1. What is the greatest common divisor of 425 and o?
17
Suppose -q = w - 5*w, -5*w = -5. Suppose 350 = q*s + 54. Calculate the highest common divisor of s and 185.
37
Let h(g) = -g**2 + 8*g + 7. Let u be h(-5). Let x = u + 245. Calculate the highest common factor of x and 17.
17
Let g(p) = 14 + 5 + 7 - p - 25 + p**3. Let v be g(1). What is the highest common factor of v and 2?
1
Let g = 454 + -346. What is the highest common divisor of g and 36?
36
Let g(x) = x**3 - 4*x**2 + 5*x. Let t be g(3). Suppose z + t*z - 42 = 0. What is the highest common divisor of 2 and z?
2
Let j(g) = g**2 - 95. Let d be j(11). What is the greatest common divisor of 182 and d?
26
Suppose 0 = -240*v + 242*v - 2. Let a(y) = 2*y - 8. Let t be a(6). Calculate the greatest common factor of v and t.
1
Suppose -4*k - 46 = 22. Let a = k - -21. Suppose -3*r + 10 = 2*r. Calculate the highest common factor of r and a.
2
Let f = 166 - 154. Calculate the greatest common factor of f and 204.
12
Let a(r) = -r - 13 - 3*r + 2*r. Let q be a(-9). Suppose -2*c = -5*t - 95, 0*t - 5*t + 220 = q*c. Calculate the greatest common factor of 5 and c.
5
Let z(i) = 111*i + 1. Suppose g = 3*g - 2. Let d be z(g). Suppose -5*n - 157 = -3*y, 3*y = -4*n - 0*n + d. Calculate the greatest common factor of 11 and y.
11
Let o be 120*(6 - 115/20). What is the highest common divisor of o and 1270?
10
Let t = 36 + -30. Let i = -97 - -167. Suppose -i = -t*g + g. Calculate the greatest common divisor of 2 and g.
2
Let n be 168/112 + -147*(-2)/4. Suppose 3*u - 8*u + 15 = 0. Suppose 5*d + i - 75 = 0, 0*d - i + 45 = u*d. Calculate the greatest common divisor of n and d.
15
Let l be 2/13 - (2 - 512/52). Let a be -22*-2*(3 - 1). Calculate the greatest common divisor of l and a.
8
Let x = -960 + 557. Let w = x + 579. What is the highest common divisor of w and 16?
16
Let m = 86 - -98. What is the greatest common factor of m and 16?
8
Let r = 9 - 9. Let h(g) = g**2 - g + 154. Let w be h(r). Suppose -5*m - 80 = -5*i, 5*m + 74 = 5*i + 3*m. Calculate the greatest common factor of i and w.
14
Let m be (14*(-5)/(-40))/((-1)/(-284)). What is the highest common divisor of m and 71?
71
Suppose 913*y - 924*y = -77. What is the highest common divisor of 37 and y?
1
Suppose 0 = -16*s - 4*s + 120. Calculate the highest common divisor of 150 and s.
6
Let q(r) = -r**2 - 12*r + 12. Let w be q(-8). What is the greatest common factor of 4 and w?
4
Let q(y) = 2*y + 3. Let g be q(6). Let h be ((-35)/(-14))/(4/8). What is the greatest common divisor of h and g?
5
Let q = 4705 - 4697. Let j(n) = 4*n**2 + 5*n - 3. Let y be j(-5). What is the greatest common factor of y and q?
8
Suppose -35*p - 1716 = -47*p. Calculate the greatest common factor of p and 78.
13
Suppose 0 = -5*u - 13*u + 450. What is the greatest common divisor of u and 425?
25
Suppose 12*o - 10*o = 24. Let s(n) = n**3 - 7*n**2 + 2*n - 9. Let y be s(7). Suppose -49 - 131 = -y*p. What is the greatest common factor of o and p?
12
Suppose 21*b + 4 = 4*k + 22*b, 4*k = 2*b + 16. What is the highest common factor of k and 6?
2
Let m(v) = v**2 - 1. Let a be m(-1). Let f = a - -30. Calculate the highest common divisor of f and 15.
15
Let j = 3 - 2. Let d be ((-32)/2)/(j/(-10)). Suppose 0 = 4*g + u - 78, -g + 74 = 3*g + 3*u. Calculate the greatest common divisor of d and g.
20
Suppose -c + 730 = 4*c. Suppose -2*o + 2*q = -c, -q + 5 = -0*q. Suppose 0 = -5*w - o + 708. What is the greatest common factor of 18 and w?
18
Let y be 24/((-5)/10 + 2). Suppose 2*o - 17 = 15. Calculate the highest common divisor of o and y.
16
Let a = 94 + -67. Suppose 5*j - a = 93. Suppose 4*q - 37 = -3*u + 2*u, -2*u = -5*q + 30. What is the highest common factor of j and q?
8
Suppose 0 = 3*w + 5*q - 122, -7*w = -3*w - 3*q - 124. Calculate the highest common divisor of w and 2.
2
Let c be (57/(-9))/((-6)/90). Let z = c - 84. What is the highest common divisor of 11 and z?
11
Let m be 4*(-5 + 7/1)*1. Calculate the greatest common divisor of m and 304.
8
Suppose 5*l - 5*u = 95, -4*u = 5*l - 99 - 41. Let v(z) = 5*z**2 - 28*z + 24. Let i be v(6). What is the greatest common divisor of i and l?
12
Suppose 49 = g - 5*p, -20*g + 3*p = -17*g - 159. What is the greatest common factor of g and 81?
27
Suppose 3*d - 4*r + 22 = 6*d, 3*r = -2*d + 14. Calculate the greatest common divisor of d and 24.
2
Let t(j) = j**2 + 2*j - 2. Let c be t(-3). Let z be ((-1)/(-2))/(c/30). Calculate the highest common divisor of 60 and z.
15
Let q(r) = -r**2 - 38*r + 93. Let s be q(-30). What is the greatest common factor of 37 and s?
37
Let t(h) = 196*h + 11. Let u be t(6). Suppose 5*a - 4*l = -0*l + 5954, -a + u = 3*l. Let y be a/60 - (-1)/6. Calculate the greatest common factor of y and 30.
10
Let d be (5/1)/(1/6). Let o(x) = 163*x**2 + x - 2. Let f be o(1). Let l = f + -132. What is the greatest common factor of d and l?
30
Suppose -3*k + u = -96, k - 42*u + 41*u - 36 = 0. Let r(j) = 2*j + 8. Let w be r(6). Calculate the greatest common factor of w and k.
10
Let v(n) = -2*n**2 + 26*n + 145. Let k be v(16). What is the greatest common factor of 3283 and k?
49
Let p be 63/4 - (-2)/8. Let i = 52 - 57. Let w be i/1 - (-1596)/12. Calculate the highest common divisor of p and w.
16
Suppose -5*m + 48 = -172. Suppose 4*y + q - m = 0, -4*q - 23 = -2*y + 17. Calculate the highest common factor of y and 12.
12
Let l be (-8)/48 + (-10)/12 - -2. Calculate the highest common factor of l and 48.
1
Suppose 5*k - 7*k = -4*o - 24, k - 4*o - 20 = 0. Suppose 0*c + 67 = c - k*p, -4*c - p = -217. What is the highest common factor of 22 and c?
11
Let h = 46 - 52. Let q be (35/(-10))/(1/h). Calculate the greatest common divisor of 7 and q.
7
Suppose 0 = -5*i + 4 + 6. Let a(y) = 5*y - 3*y - i*y + y. Let x be a(6). Calculate the greatest common factor of x and 6.
6
Let x be 2/12*2*(95 - 38). Le